{"id":5041,"date":"2026-03-24T13:17:29","date_gmt":"2026-03-24T13:17:29","guid":{"rendered":"https:\/\/astrolibros.com\/blog\/?page_id=5041"},"modified":"2026-03-26T09:50:50","modified_gmt":"2026-03-26T09:50:50","slug":"actividades","status":"publish","type":"page","link":"https:\/\/astrolibros.com\/blog\/actividades\/","title":{"rendered":"Actividades"},"content":{"rendered":"<p>En <strong>Astrolibros<\/strong> organizamos actividades culturales en Vitoria pensadas para disfrutar, aprender y compartir en torno a los libros y el juego.<\/p>\n<p>Un espacio donde descubrir nuevas historias, conectar con otras personas y seguir disfrutando de la lectura en todas las etapas.<\/p>\n<hr \/>\n<h2>\ud83d\udcda <strong>Cuentacuentos<\/strong><\/h2>\n<p>Historias que cobran vida a trav\u00e9s de la narraci\u00f3n. Nuestros cuentacuentos est\u00e1n pensados para despertar la imaginaci\u00f3n y el amor por los libros desde edades tempranas.<\/p>\n<p>Un momento m\u00e1gico para disfrutar en familia.<\/p>\n<p>Por nuestro espacio creativo han pasado algunos de los mejores autores\/as e ilustradoras\/es del panorama infantil, como <a href=\"https:\/\/www.astrolibros.com\/es\/brand\/jos%C3%A9-carlos-andr%C3%A9s\"><strong>Jos\u00e9 Carlos Andr\u00e9s<\/strong><\/a>, <strong><a href=\"https:\/\/www.astrolibros.com\/es\/brand\/olga-de-dios\">Olga de Dios<\/a><\/strong>, <strong><a href=\"https:\/\/www.astrolibros.com\/es\/brand\/marta-alt%C3%A9s\">Marte Alt\u00e9s<\/a><\/strong>, <strong><a href=\"https:\/\/www.astrolibros.com\/es\/brand\/rocio-bonilla\">Roc\u00edo Bonilla<\/a><\/strong> o el universal <strong><a href=\"https:\/\/www.astrolibros.com\/es\/brand\/benji-davies\">Osito Tito<\/a><\/strong>, entre muchos otros.<\/p>\n<p>Desde nuestros comienzos, seguimos sorprendiendo mes a mes con nuevas propuestas y experiencias en torno a la lectura.<\/p>\n<p style=\"text-align: center;\"><img loading=\"lazy\" decoding=\"async\" class=\"alignnone wp-image-5073\" src=\"https:\/\/astrolibros.com\/blog\/wp-content\/uploads\/2026\/03\/Actividades-Astrolibros-300x200.jpg\" alt=\"Actividades Astrolibros Virtoria\" width=\"411\" height=\"274\" srcset=\"https:\/\/astrolibros.com\/blog\/wp-content\/uploads\/2026\/03\/Actividades-Astrolibros-300x200.jpg 300w, https:\/\/astrolibros.com\/blog\/wp-content\/uploads\/2026\/03\/Actividades-Astrolibros-1024x683.jpg 1024w, https:\/\/astrolibros.com\/blog\/wp-content\/uploads\/2026\/03\/Actividades-Astrolibros-768x512.jpg 768w, https:\/\/astrolibros.com\/blog\/wp-content\/uploads\/2026\/03\/Actividades-Astrolibros.jpg 1536w\" sizes=\"auto, (max-width: 411px) 100vw, 411px\" \/><\/p>\n<hr \/>\n<h2><strong>\ud83c\udfa8 Talleres creativos<\/strong><\/h2>\n<p>Nuestro espacio creativo es un lugar donde ni\u00f1os, ni\u00f1as, j\u00f3venes y adultos pueden experimentar, aprender y crear con sus propias manos.<\/p>\n<p>Organizamos talleres pensados para descubrir, probar y disfrutar, donde adem\u00e1s se conoce de primera mano muchos de los productos que forman parte de Astrolibros.<\/p>\n<p>Desde <strong>dibujo<\/strong> y manualidades hasta <strong>rob\u00f3tica<\/strong>, <strong>papiroflexia<\/strong> y otras propuestas, cada taller es una oportunidad para crear, divertirse y llevarse a casa una bonita obra propia.<\/p>\n<p style=\"text-align: center;\"><img loading=\"lazy\" decoding=\"async\" class=\"alignnone wp-image-5074\" src=\"https:\/\/astrolibros.com\/blog\/wp-content\/uploads\/2026\/03\/Talleres-Astrolibros-300x200.jpg\" alt=\"Talleres Astrolibros\" width=\"366\" height=\"244\" srcset=\"https:\/\/astrolibros.com\/blog\/wp-content\/uploads\/2026\/03\/Talleres-Astrolibros-300x200.jpg 300w, https:\/\/astrolibros.com\/blog\/wp-content\/uploads\/2026\/03\/Talleres-Astrolibros-1024x683.jpg 1024w, https:\/\/astrolibros.com\/blog\/wp-content\/uploads\/2026\/03\/Talleres-Astrolibros-768x512.jpg 768w, https:\/\/astrolibros.com\/blog\/wp-content\/uploads\/2026\/03\/Talleres-Astrolibros.jpg 1536w\" sizes=\"auto, (max-width: 366px) 100vw, 366px\" \/><\/p>\n<hr \/>\n<h2>\u270d\ufe0f <strong>Firmas de libros y encuentros<\/strong><\/h2>\n<p>Acercamos a autores y lectores en encuentros cercanos y especiales. Firmas de libros, presentaciones y actividades que conectan directamente con el mundo literario.<\/p>\n<p>Una oportunidad \u00fanica para vivir la lectura de otra manera.<\/p>\n<p><strong>Nuestro padrino de Astrolibros.2 fue <a href=\"https:\/\/www.astrolibros.com\/es\/brand\/blue-jeans\">Blue Jeans<\/a><\/strong>, autor juvenil de referencia que siempre tiene su sitio en nuestras librer\u00edas y que, cada vez que nos visita, nos regala grandes momentos y largas colas de firmas.<\/p>\n<p>A lo largo de los a\u00f1os tambi\u00e9n hemos contado con autores como <strong><a href=\"https:\/\/www.astrolibros.com\/es\/brand\/pedro-ma%C3%B1as\">Pedro Ma\u00f1as<\/a>, David Sierra, <a href=\"https:\/\/www.astrolibros.com\/es\/brand\/iria-g-parente-y-selene-m-pascual\">Iria y Selene<\/a>, <a href=\"https:\/\/www.astrolibros.com\/es\/brand\/luis-zueco\">Luis Zueco<\/a><\/strong>, por nombrar solo algunos de una lista interminable que sigue creciendo.<\/p>\n<p style=\"text-align: center;\"><img loading=\"lazy\" decoding=\"async\" class=\"alignnone wp-image-5075\" src=\"https:\/\/astrolibros.com\/blog\/wp-content\/uploads\/2026\/03\/Autores-en-Astrolibros-300x200.jpg\" alt=\"Autores y firma en Vitoria\" width=\"406\" height=\"270\" srcset=\"https:\/\/astrolibros.com\/blog\/wp-content\/uploads\/2026\/03\/Autores-en-Astrolibros-300x200.jpg 300w, https:\/\/astrolibros.com\/blog\/wp-content\/uploads\/2026\/03\/Autores-en-Astrolibros-1024x683.jpg 1024w, https:\/\/astrolibros.com\/blog\/wp-content\/uploads\/2026\/03\/Autores-en-Astrolibros-768x512.jpg 768w, https:\/\/astrolibros.com\/blog\/wp-content\/uploads\/2026\/03\/Autores-en-Astrolibros.jpg 1536w\" sizes=\"auto, (max-width: 406px) 100vw, 406px\" \/><\/p>\n<p>Nuestro <strong>espacio creativo en Vitoria-Gasteiz<\/strong> es un punto de encuentro para todas las edades.<\/p>\n<hr \/>\n<p>\ud83d\udc49 Consulta nuestras <a href=\"https:\/\/astrolibros.com\/blog\/actividades-culturales-vitoria\/\">pr\u00f3ximas actividades y eventos en el blog<\/a><\/p>\n<p>Puedes conocer m\u00e1s sobre nuestro espacio creativo y nuestras actividades en <strong>Astrolibros.<\/strong><\/p>\n","protected":false},"excerpt":{"rendered":"<p>En Astrolibros organizamos actividades culturales en Vitoria pensadas para disfrutar, aprender y compartir en torno a los libros y el juego. Un espacio donde descubrir nuevas historias, conectar con otras personas y seguir disfrutando de la lectura en todas las etapas. \ud83d\udcda Cuentacuentos Historias que cobran vida a trav\u00e9s de la narraci\u00f3n. Nuestros cuentacuentos est\u00e1n &hellip;<\/p>\n<p class=\"read-more\"> <a class=\"\" href=\"https:\/\/astrolibros.com\/blog\/actividades\/\"> <span class=\"screen-reader-text\">Actividades<\/span> Leer m\u00e1s &raquo;<\/a><\/p>\n","protected":false},"author":1,"featured_media":0,"parent":0,"menu_order":0,"comment_status":"closed","ping_status":"closed","template":"","meta":{"footnotes":""},"class_list":["post-5041","page","type-page","status-publish","hentry"],"yoast_head":"<!-- This site is optimized with the Yoast SEO plugin v23.3 - https:\/\/yoast.com\/wordpress\/plugins\/seo\/ -->\n<title>oActividades culturales en Vitoria: talleres y eventos | Astrolibros<\/title>\n<meta name=\"description\" content=\"Descubre actividades culturales en Vitoria para todas las edades: talleres, cuentacuentos y encuentros en Astrolibros.\" \/>\n<meta name=\"robots\" content=\"index, follow, max-snippet:-1, max-image-preview:large, max-video-preview:-1\" \/>\n<link rel=\"canonical\" href=\"https:\/\/astrolibros.com\/blog\/actividades\/\" \/>\n<meta property=\"og:locale\" content=\"es_ES\" \/>\n<meta property=\"og:type\" content=\"article\" \/>\n<meta property=\"og:title\" content=\"oActividades culturales en Vitoria: talleres y eventos | Astrolibros\" \/>\n<meta property=\"og:description\" content=\"Descubre actividades culturales en Vitoria para todas las edades: talleres, cuentacuentos y encuentros en Astrolibros.\" \/>\n<meta property=\"og:url\" content=\"https:\/\/astrolibros.com\/blog\/actividades\/\" \/>\n<meta property=\"og:site_name\" content=\"Astrolibros\" \/>\n<meta property=\"article:modified_time\" content=\"2026-03-26T09:50:50+00:00\" \/>\n<meta property=\"og:image\" content=\"https:\/\/astrolibros.com\/blog\/wp-content\/uploads\/2026\/03\/Actividades-Astrolibros-300x200.jpg\" \/>\n<meta name=\"twitter:card\" content=\"summary_large_image\" \/>\n<meta name=\"twitter:label1\" content=\"Tiempo de lectura\" \/>\n\t<meta name=\"twitter:data1\" content=\"3 minutos\" \/>\n<script type=\"application\/ld+json\" class=\"yoast-schema-graph\">{\"@context\":\"https:\/\/schema.org\",\"@graph\":[{\"@type\":\"WebPage\",\"@id\":\"https:\/\/astrolibros.com\/blog\/actividades\/\",\"url\":\"https:\/\/astrolibros.com\/blog\/actividades\/\",\"name\":\"oActividades culturales en Vitoria: talleres y eventos | Astrolibros\",\"isPartOf\":{\"@id\":\"https:\/\/astrolibros.com\/blog\/#website\"},\"primaryImageOfPage\":{\"@id\":\"https:\/\/astrolibros.com\/blog\/actividades\/#primaryimage\"},\"image\":{\"@id\":\"https:\/\/astrolibros.com\/blog\/actividades\/#primaryimage\"},\"thumbnailUrl\":\"https:\/\/astrolibros.com\/blog\/wp-content\/uploads\/2026\/03\/Actividades-Astrolibros-300x200.jpg\",\"datePublished\":\"2026-03-24T13:17:29+00:00\",\"dateModified\":\"2026-03-26T09:50:50+00:00\",\"description\":\"Descubre actividades culturales en Vitoria para todas las edades: talleres, cuentacuentos y encuentros en Astrolibros.\",\"breadcrumb\":{\"@id\":\"https:\/\/astrolibros.com\/blog\/actividades\/#breadcrumb\"},\"inLanguage\":\"es\",\"potentialAction\":[{\"@type\":\"ReadAction\",\"target\":[\"https:\/\/astrolibros.com\/blog\/actividades\/\"]}]},{\"@type\":\"ImageObject\",\"inLanguage\":\"es\",\"@id\":\"https:\/\/astrolibros.com\/blog\/actividades\/#primaryimage\",\"url\":\"https:\/\/astrolibros.com\/blog\/wp-content\/uploads\/2026\/03\/Actividades-Astrolibros.jpg\",\"contentUrl\":\"https:\/\/astrolibros.com\/blog\/wp-content\/uploads\/2026\/03\/Actividades-Astrolibros.jpg\",\"width\":1536,\"height\":1024,\"caption\":\"Actividades Astrolibros Virtoria\"},{\"@type\":\"BreadcrumbList\",\"@id\":\"https:\/\/astrolibros.com\/blog\/actividades\/#breadcrumb\",\"itemListElement\":[{\"@type\":\"ListItem\",\"position\":1,\"name\":\"Portada\",\"item\":\"https:\/\/astrolibros.com\/blog\/\"},{\"@type\":\"ListItem\",\"position\":2,\"name\":\"Actividades\"}]},{\"@type\":\"WebSite\",\"@id\":\"https:\/\/astrolibros.com\/blog\/#website\",\"url\":\"https:\/\/astrolibros.com\/blog\/\",\"name\":\"Astrolibros\",\"description\":\"Las mejores ideas de libros y juguetes infantojuveniles\",\"potentialAction\":[{\"@type\":\"SearchAction\",\"target\":{\"@type\":\"EntryPoint\",\"urlTemplate\":\"https:\/\/astrolibros.com\/blog\/?s={search_term_string}\"},\"query-input\":\"required name=search_term_string\"}],\"inLanguage\":\"es\"}]}<\/script>\n<!-- \/ Yoast SEO plugin. -->","yoast_head_json":{"title":"oActividades culturales en Vitoria: talleres y eventos | Astrolibros","description":"Descubre actividades culturales en Vitoria para todas las edades: talleres, cuentacuentos y encuentros en Astrolibros.","robots":{"index":"index","follow":"follow","max-snippet":"max-snippet:-1","max-image-preview":"max-image-preview:large","max-video-preview":"max-video-preview:-1"},"canonical":"https:\/\/astrolibros.com\/blog\/actividades\/","og_locale":"es_ES","og_type":"article","og_title":"oActividades culturales en Vitoria: talleres y eventos | Astrolibros","og_description":"Descubre actividades culturales en Vitoria para todas las edades: talleres, cuentacuentos y encuentros en Astrolibros.","og_url":"https:\/\/astrolibros.com\/blog\/actividades\/","og_site_name":"Astrolibros","article_modified_time":"2026-03-26T09:50:50+00:00","og_image":[{"url":"https:\/\/astrolibros.com\/blog\/wp-content\/uploads\/2026\/03\/Actividades-Astrolibros-300x200.jpg"}],"twitter_card":"summary_large_image","twitter_misc":{"Tiempo de lectura":"3 minutos"},"schema":{"@context":"https:\/\/schema.org","@graph":[{"@type":"WebPage","@id":"https:\/\/astrolibros.com\/blog\/actividades\/","url":"https:\/\/astrolibros.com\/blog\/actividades\/","name":"oActividades culturales en Vitoria: talleres y eventos | Astrolibros","isPartOf":{"@id":"https:\/\/astrolibros.com\/blog\/#website"},"primaryImageOfPage":{"@id":"https:\/\/astrolibros.com\/blog\/actividades\/#primaryimage"},"image":{"@id":"https:\/\/astrolibros.com\/blog\/actividades\/#primaryimage"},"thumbnailUrl":"https:\/\/astrolibros.com\/blog\/wp-content\/uploads\/2026\/03\/Actividades-Astrolibros-300x200.jpg","datePublished":"2026-03-24T13:17:29+00:00","dateModified":"2026-03-26T09:50:50+00:00","description":"Descubre actividades culturales en Vitoria para todas las edades: talleres, cuentacuentos y encuentros en Astrolibros.","breadcrumb":{"@id":"https:\/\/astrolibros.com\/blog\/actividades\/#breadcrumb"},"inLanguage":"es","potentialAction":[{"@type":"ReadAction","target":["https:\/\/astrolibros.com\/blog\/actividades\/"]}]},{"@type":"ImageObject","inLanguage":"es","@id":"https:\/\/astrolibros.com\/blog\/actividades\/#primaryimage","url":"https:\/\/astrolibros.com\/blog\/wp-content\/uploads\/2026\/03\/Actividades-Astrolibros.jpg","contentUrl":"https:\/\/astrolibros.com\/blog\/wp-content\/uploads\/2026\/03\/Actividades-Astrolibros.jpg","width":1536,"height":1024,"caption":"Actividades Astrolibros Virtoria"},{"@type":"BreadcrumbList","@id":"https:\/\/astrolibros.com\/blog\/actividades\/#breadcrumb","itemListElement":[{"@type":"ListItem","position":1,"name":"Portada","item":"https:\/\/astrolibros.com\/blog\/"},{"@type":"ListItem","position":2,"name":"Actividades"}]},{"@type":"WebSite","@id":"https:\/\/astrolibros.com\/blog\/#website","url":"https:\/\/astrolibros.com\/blog\/","name":"Astrolibros","description":"Las mejores ideas de libros y juguetes infantojuveniles","potentialAction":[{"@type":"SearchAction","target":{"@type":"EntryPoint","urlTemplate":"https:\/\/astrolibros.com\/blog\/?s={search_term_string}"},"query-input":"required name=search_term_string"}],"inLanguage":"es"}]}},"_links":{"self":[{"href":"https:\/\/astrolibros.com\/blog\/wp-json\/wp\/v2\/pages\/5041","targetHints":{"allow":["GET"]}}],"collection":[{"href":"https:\/\/astrolibros.com\/blog\/wp-json\/wp\/v2\/pages"}],"about":[{"href":"https:\/\/astrolibros.com\/blog\/wp-json\/wp\/v2\/types\/page"}],"author":[{"embeddable":true,"href":"https:\/\/astrolibros.com\/blog\/wp-json\/wp\/v2\/users\/1"}],"replies":[{"embeddable":true,"href":"https:\/\/astrolibros.com\/blog\/wp-json\/wp\/v2\/comments?post=5041"}],"version-history":[{"count":6,"href":"https:\/\/astrolibros.com\/blog\/wp-json\/wp\/v2\/pages\/5041\/revisions"}],"predecessor-version":[{"id":5129,"href":"https:\/\/astrolibros.com\/blog\/wp-json\/wp\/v2\/pages\/5041\/revisions\/5129"}],"wp:attachment":[{"href":"https:\/\/astrolibros.com\/blog\/wp-json\/wp\/v2\/media?parent=5041"}],"curies":[{"name":"wp","href":"https:\/\/api.w.org\/{rel}","templated":true}]}}